emainder when m is divided by 12.
7
Let v(r) = 2*r**2 + 88*r + 2131. What is the remainder when v(-39) is divided by 37?
2
Let c(y) = -640*y + 3251. Calculate the remainder when 519 is divided by c(5).
9
Let r = -6285 + 8593. Calculate the remainder when r is divided by 766.
10
Let j be (-292)/(-8) - 5/10. Let q = -39 + j. Calculate the remainder when (1/q)/(9/(-1026)) is divided by 20.
18
What is the remainder when 359 is divided by (3 - (1 + 11) - -11)*(-1 - -31)?
59
Suppose 0 = -166*o + 167*o. Suppose 51*n - 56*n + 140 = o. Calculate the remainder when 83 is divided by n.
27
Let t be (-1 - (-44)/(-12))/((-2)/(-3)). Let v be (1 + 0/(-3))*t. Let l = 19 + v. What is the remainder when 23 is divided by l?
11
Let i(n) = 23*n - 278. What is the remainder when i(21) is divided by 33/(-22)*(-176)/6?
29
Let l be (24/(-15))/(7 + 99/(-15)). Let s(a) = 10*a + 44. Calculate the remainder when s(l) is divided by 2.
0
Suppose -4*g - 5*t = -8234, -4*t = 3*g - 4619 - 1556. What is the remainder when g is divided by 685?
6
Let q = 141 + -62. Let j = q + -127. Let v = j + 69. Calculate the remainder when 40 is divided by v.
19
Let h = 8450 + -8063. What is the remainder when h is divided by 123?
18
Let u be ((2 - 1) + -2)*(-1 + -1). Suppose 4*w + 31 = 2*a - 23, -u*a - 3*w = -54. Suppose -8*y + 117 + a = 0. What is the remainder when y is divided by 7?
4
Let k(b) = -2*b**2 + 24*b - 1. Let q be k(12). What is the remainder when 48 is divided by 6 - q*(-3 + 10)?
9
Let f = -11231 + 12311. What is the remainder when f is divided by 192?
120
Let z(n) = n**2 + 4*n - 11. Let u be z(-7). Suppose 3*d = 5*m + 96, 2*d - 4*m + u = 74. Calculate the remainder when 87 is divided by d.
23
Suppose -2*t - 140 = -4*j - 6*t, -2*t - 130 = -3*j. What is the remainder when 87 is divided by j/(-60) - (-94)/6?
12
Let k(d) = 12*d**2 + d + 1. What is the remainder when 585 is divided by k(1)?
11
Suppose -d = 2*b - 8, 3*b + 4*d + 4 = 11. Let y = -66 + 56. Calculate the remainder when 2*194/16 - y/(-40) is divided by b.
4
Let j(z) = -4*z**3 - 34*z**2 - 132*z + 58. What is the remainder when j(-6) is divided by 51?
31
Suppose 52*g + 0*g - 15390 = -2*g. What is the remainder when g is divided by 42?
33
Let l = -6 - -54. Suppose 150 = 2*p + 3*z, 41 = p - 2*z - l. Let j = 42 - 28. What is the remainder when p is divided by j?
11
Suppose -3*u = 6*u - 522. Suppose -30 = -0*x - 2*x. What is the remainder when u is divided by x?
13
Suppose -2*j = -2*k + 346, 5*k + 3*j - 295 - 538 = 0. What is the remainder when k is divided by ((-6)/(-9))/(8/228)?
17
Suppose t = -0*t + 148. Suppose 15 = b - 2*q, 9*q - 7*q = -3*b + 45. Calculate the remainder when t is divided by b.
13
Suppose 0 = -4*l + 8*l - 12. Calculate the remainder when 34 is divided by l/(-2)*(-140)/30.
6
Let d = 3890 + -3858. Calculate the remainder when 1020 is divided by d.
28
Let g(x) = 5*x**3 - 149*x**2 - 20*x - 226. What is the remainder when 6139 is divided by g(30)?
71
Suppose 8 = 4*l - z, -l - 2*z = -5*z - 2. Suppose 5*n + 356 = l*o, 2*n - 183 - 159 = -2*o. Calculate the remainder when o is divided by 76.
21
Let h(g) = -5*g + 96. Let y be h(14). Let z(f) = 5*f - 103. Calculate the remainder when 241 is divided by z(y).
25
Let p be (-15)/9 + (-728)/(-39). Suppose 22*z - p*z + 690 = 4*w, 5*z = -3*w + 535. What is the remainder when w is divided by 22?
21
Suppose 2*n + 230 = 2*t - 3*t, 708 = -3*t + 3*n. Let y = -99 - t. Let d = -31 + 65. What is the remainder when y is divided by d?
33
Let a(x) = 12*x**2 - 1353*x - 6. What is the remainder when 375 is divided by a(113)?
42
Let b(f) = 838*f + 13310. Calculate the remainder when b(-12) is divided by 1069.
47
Suppose c - 31661 = -2*u, 4*c - 87753 = -2*u + 38939. What is the remainder when c is divided by 18?
15
Suppose 0 = k + 5*b + 3, 76*b + 22 = 2*k + 79*b. What is the remainder when 3039 is divided by k?
13
Suppose -4*k = -3*k - 54. Let f(g) = 499*g - 65198. Calculate the remainder when f(131) is divided by k.
9
Let y = -10 - -10. Suppose 3*i - q + y*q - 6 = 0, -30 = -5*i - 5*q. Calculate the remainder when 1/(1/105*i) is divided by 18.
17
Suppose -498 + 98 = -5*f. Calculate the remainder when 53 is divided by (57/30)/(8/f).
15
Calculate the remainder when (17/(-34)*(-8)/(-6))/((-2)/129) is divided by 38.
5
Suppose 3*t - 5*j - 113 = 2*t, 3*t + 2*j = 254. Calculate the remainder when 419 is divided by t.
67
Let k = 755 - 705. Calculate the remainder when 2647 is divided by k.
47
Calculate the remainder when 589 is divided by (20/(-35))/((612/2898)/(-17)).
37
Let q = -1199 + 1930. Suppose -q = -18*f - 245. What is the remainder when 240 is divided by f?
24
Suppose -29821*o = -29844*o + 7590. What is the remainder when 672 is divided by o?
12
Let m = -66 + 64. Let k be (-5 - -11) + m*(-1)/(-2). Suppose -a + 98 = k*b, 2*a + 3*a = 15. What is the remainder when 74 is divided by b?
17
Let y(u) = 129*u - 241*u - 214 + 131*u. Calculate the remainder when y(20) is divided by 17.
13
Suppose u = 2*q + 63, 4*u - 272 = 3*q - 5*q. Calculate the remainder when u is divided by (-136)/(-6)*(45/(-18) - -4).
33
Let b(c) = 14*c - 781. What is the remainder when 1929 is divided by b(57)?
8
Let h(y) = -16*y**3 - 34*y**2 + 7*y + 27. What is the remainder when h(-5) is divided by 57?
2
Let p(m) = -7*m**2 + 161*m - 23. Calculate the remainder when 780 is divided by p(22).
125
Suppose 2*n - 63 = -0*o - 5*o, o = -n + 15. Let v(k) = 3 - 2*k**2 - o*k + k**2 + 3*k**2 - k**2. Calculate the remainder when 11 is divided by v(11).
2
Suppose 0*i - 2*i = -2*d - 52, d = 0. Let t = -35 + 52. What is the remainder when i is divided by t?
9
Let x = -977 + 1055. What is the remainder when x is divided by 7?
1
Let g = 67 - 9. What is the remainder when g is divided by (-33)/(-6) + 249/(-498)?
3
Suppose 0 = o - 4*h - 11089, 47*h - 11062 = -o + 42*h. Calculate the remainder when o is divided by 9.
7
Suppose -64 = -6*m - 10*m. Suppose -14*i = m*i - 180. What is the remainder when 146 is divided by i?
6
Suppose -149*l - 96*l = -90*l - 34100. What is the remainder when 543 is divided by l?
103
Suppose 4*q = -a - 1101, -4*a - 1104 = 9*q - 5*q. Let s = -270 - q. What is the remainder when (6 + 1)/((-1)/(-2)) is divided by s?
4
Suppose -17 + 1673 = 11*a - 3*a. What is the remainder when 2893 is divided by a?
202
Suppose -152*n - n = -49572. Calculate the remainder when 332 is divided by n.
8
Let d = -93 + 487. Calculate the remainder when 89 is divided by d/26 + (54/39)/(-9).
14
Suppose 2*j = -2*z - 16, 3 - 7 = 5*z - 4*j. Let v be (-1)/3 - (880/(-15))/z. Let t = v - -37. What is the remainder when 39 is divided by t?
17
Let w(b) = -b**2 + 7*b + 22. Let l be w(16). Let k = l + 105. Let u(y) = -2*y**2 - 34*y + 16. What is the remainder when u(k) is divided by 4?
0
Let t(u) = -u**3 - 11*u**2 + 36*u - 44. Suppose -11*k - 224 + 70 = 0. What is the remainder when 238 is divided by t(k)?
38
Let j(x) = 5*x**3 + 4*x**2 - x - 1. Let k be j(1). Suppose -172 = -5*r + k*b - 3*b, 4*r + 4*b = 152. Calculate the remainder when 135 is divided by r.
27
Let d = 9475 - 9460. Calculate the remainder when 6672 is divided by d.
12
Let q = -6 - -9. Suppose 0 = 8*a - 2*i - 102, -i - 3 - 62 = -5*a. Calculate the remainder when 1/(1/39) - q is divided by a.
8
Let n(k) = k**2 - 3*k - 5. Let v = 736 + -636. What is the remainder when v is divided by n(-5)?
30
Let o = -5414 + 6230. What is the remainder when o is divided by 206?
198
Let j(f) = 21*f**2 + 45*f + 11. What is the remainder when j(-3) is divided by 8?
1
Suppose -l - 3*t + 0 = -66, -t = -4*l + 381. Calculate the remainder when 1497 is divided by l.
9
Suppose -115*s - 9*s + 6450 = -2974. What is the remainder when 904 is divided by s?
68
Let o(u) = u**2 + 16*u + 5. Suppose -2*v - 10 = -5*x, -5*v = -5*x + 6*x + 79. Let w be o(v). What is the remainder when 14 + 0/((-5)/(w/4)) is divided by 8?
6
Calculate the remainder when (-1976)/(-10) + 24/60 is divided by (3 - 0) + (-102)/(-6).
18
Suppose -17*r + 2*l - 2 = -18*r, -1 = r + 3*l. Suppose -2*v - 2*z + 4*z + r = 0, 0 = -5*z - 10. Calculate the remainder when 56 is divided by v.
0
Let t(f) = -2*f**3 + f**2 - 19*f + 2. Calculate the remainder when 387 is divided by t(-4).
165
Let m = 85 + -87. Calculate the remainder when (-1)/m*46 - 6 is divided by 6.